of f and 13?
13
Let a = 25 + -269. Let c be 7/((-14)/a) - (-8)/(-4). Calculate the highest common divisor of 90 and c.
30
Let h(p) = 2*p**2 + 20*p - 25. Let j be h(-11). Let z be (4/(-20) - 548/60)*j. Let i = 3 + 32. Calculate the greatest common factor of i and z.
7
Let n = -10319 + 10328. Calculate the highest common factor of 178 and n.
1
Let j be ((-1032)/430)/((-16)/1140). Calculate the highest common factor of j and 1501.
19
Let r = 1516 - 1504. Let x = 11 + 1. What is the greatest common divisor of r and x?
12
Let v(a) = -a**3 - 8*a**2 + 10*a + 9. Let h be v(-9). Suppose -d - 4*d + 510 = h. Let z = d + 19. What is the highest common factor of z and 11?
11
Suppose -20*f = -22*f + 52. Let c(j) = -j**3 - j + 30. Let q be c(0). Let s = 61 + q. Calculate the highest common factor of s and f.
13
Suppose -207 = -4*m + b, -3*m + 155 = -0*b - b. Let t be (5 - 0 - 0) + 125. Calculate the highest common factor of m and t.
26
Suppose -13*m + 14*m - 205 = 2*r, 3*r - 12 = 0. Calculate the greatest common divisor of m and 8733.
213
Let w = -256 - -794. Calculate the highest common factor of 2 and w.
2
Suppose -2*n - 3*y - 1 = 0, 0 = -2*n + 3*y + 5. Let t(b) = 3*b**3 - 35*b**2 + 68*b - 174. Let r be t(10). What is the highest common divisor of r and n?
1
Let j(f) = -f**2 + 2*f + 21. Let m be j(6). Let k be (-3 - 3/m) + (-5 - -64). Calculate the greatest common divisor of k and 513.
57
Suppose -5*k - 8 = -p, k - 2*k + 8 = 3*p. Suppose -414 = -5*s + p*s. Let o = -108 + s. What is the greatest common divisor of 66 and o?
33
Let f(j) = -76*j - 64. Let y be f(-2). Suppose 104 = 32*r - y. What is the highest common factor of 9 and r?
3
Let u(v) be the first derivative of -v**2/2 - 2*v + 3. Let d = -631 - -628. Let c be u(d). Calculate the greatest common factor of c and 17.
1
Suppose -78*y + 82*y - 3*m = 234, m + 118 = 2*y. What is the greatest common factor of 1150 and y?
10
Let y be (-951)/(-21) - (-8)/(-28). Let j(c) = -c**2 - 2*c + 18. Let f be j(-8). Let t = f + y. What is the greatest common factor of t and 105?
15
Suppose 3*a = -5*f + 107, -4*a + 131 = 6*f - f. Calculate the greatest common divisor of 9288 and a.
24
Let g = 108 + 39. Suppose -145*l - 68 = -g*l. What is the greatest common divisor of l and 51?
17
Suppose 4*j - 56 = -5*m, 9*j - 7*j - 3*m - 6 = 0. Let g be -10*(-10)/18*j. What is the greatest common divisor of 4 and g?
2
Let m be 3/((-147)/(-28)) + (-3)/(-7). Let q be 66 + m - -5*6/10. What is the highest common factor of q and 490?
70
Suppose 20 = 3*b - 4. Let y(g) = -57 + 22*g**2 + 14 + 13*g**2 + 33*g - 27. Let j be y(2). What is the highest common divisor of b and j?
8
Suppose 1808*x + 918 = -1832*x + 3674*x. Suppose 4*b = 2*b + 108. Calculate the greatest common factor of x and b.
27
Let l = 30422 + -19399. What is the highest common factor of 73 and l?
73
Let c(u) = -3*u + 37. Let b be c(-29). Calculate the highest common factor of 837 and b.
31
Let b = -1 - -2. Let x be (-10530)/(-72) + (-1)/(-4)*3. Let u = -145 + x. What is the highest common factor of u and b?
1
Let b be 257 - (-10 - (-2 + -6)). Suppose 0 = 2*c - 7*c + 370. Calculate the greatest common divisor of b and c.
37
Suppose -5*b - 6*d + 16 = -5*d, 32 = 2*b - 6*d. Suppose 5*k - k = 2*i + 616, 608 = b*k - 4*i. What is the greatest common divisor of 12 and k?
12
Suppose -p - 1501 = -q, -17*p = 5*q - 19*p - 7487. What is the highest common factor of q and 520?
65
Suppose 0 = q + f - 6, 5*f = 4*q - q + 6. Suppose 5*c + 8 = q*g - 15, c + 5 = g. Calculate the greatest common factor of g and 1.
1
Suppose -49*f + 895 = -3221. Calculate the highest common divisor of 364 and f.
28
Let q be 11264/(-880)*-10*2. What is the greatest common factor of 16 and q?
16
Suppose 39*g - 2371 = 3986. Calculate the highest common factor of g and 37001.
163
Suppose -u - 508 = -t - 3*u, t - 488 = 8*u. Calculate the highest common divisor of t and 54.
18
Let r(y) = 4*y**2 - 3*y + 1. Let p = 29 + -25. Let n be r(p). Suppose 5*u - 95 = -5*x, -n + 151 = 5*x + 4*u. What is the highest common factor of x and 44?
22
Suppose -4*j = h - 180, -115*h - 20 = -110*h. Calculate the greatest common factor of 4 and j.
2
Let n(t) be the first derivative of -t + 14/3*t**3 - 3 + 0*t**2. Let u be n(-1). What is the highest common factor of u and 91?
13
Let g be (-4048)/(-460) - (-6)/5. Suppose 0 = -0*w - w + 320. Suppose -3*l - l = -w. What is the greatest common factor of g and l?
10
Let w(h) = 2*h**3 + 79*h**2 + 35*h - 144. Let r be w(-39). Calculate the greatest common divisor of 1028 and r.
4
Suppose 0 = -2*j + 169 + 3. Let i be (-7 + 222*((0 - -4) + -3))*1. What is the greatest common divisor of j and i?
43
Let z be ((-336)/(-60))/14 - 6/(-10) - -2182. What is the greatest common divisor of z and 74?
37
Let a(c) = -3*c**2 + 6*c - 7. Let n be a(3). Let j be n/48 + 1/3. Let x(u) = u**2 + 3*u + 8. Let h be x(j). Calculate the highest common factor of 1 and h.
1
Suppose -64 = -h - f, 230 = 5*h - f - 96. Let c = 185 + h. What is the highest common divisor of c and 100?
50
Let b(u) = u**2 + 22*u + 186. Let w be b(0). Let k(l) = -l**3 + 6*l**2 - 9*l + 10. Let f be k(4). What is the highest common factor of w and f?
6
Suppose -12*i + 696 = 25*i - 8*i. What is the highest common divisor of i and 3?
3
Let i(v) = v**3 + 36*v**2 + 72*v + 160. Let d be i(-34). Calculate the greatest common factor of 4184 and d.
8
Let n be (-1 - (-196)/(-12))*201/(-268). Calculate the highest common factor of n and 22711.
13
Let q(j) = j**2 + j + 7. Let h be q(7). Suppose -7*y = -156 - 96. Suppose 4*t - x = y, 17 = 3*t - 4*x - 10. Calculate the greatest common factor of h and t.
9
Suppose -2*p = 4*g - 20, 0 = 4*g - 22 + 14. Let a be -6 + 10 - (-95 - -1)*p. Calculate the highest common divisor of a and 71.
71
Let s(g) = g**3 - 60*g**2 + 202*g - 293. Let n be s(57). Calculate the greatest common factor of n and 572.
22
Suppose -71*n + 60*n + 154 = 0. Let i = 15 - 13. Suppose 3*p = -2*h - 2*h + i, -5*p - 5*h = -5. Calculate the greatest common factor of n and p.
2
Let d(v) = -187*v + 22661. Let q be d(116). Calculate the greatest common factor of q and 3021.
57
Suppose -2*v + 2 = 2*q, -4*q + 0 = -5*v - 4. Suppose 5*n + 15 = -5. Let r be 10 + n + -2 - (-2 - -5). Calculate the highest common factor of q and r.
1
Suppose -671*g + 690*g - 1121 = 0. Calculate the greatest common factor of g and 4307.
59
Let r be ((-12)/(-16))/(747/372 + -2). Suppose 0*z - 412 = -4*z. Let x = z - r. What is the greatest common divisor of 20 and x?
10
Let d(v) = 5*v**2 + 11*v - 252. Let u be d(-28). Calculate the greatest common divisor of 175 and u.
35
Suppose -1167 = -3*k - 3*x + 750, 2*k - 1260 = 4*x. What is the highest common factor of 159 and k?
159
Let z(m) = 359*m + 2. Let j be z(6). Calculate the highest common divisor of j and 1764.
196
Suppose -5*o - 185 = -4*a, -38*o = a - 36*o - 69. Let j(x) = x**2 - 2*x - 8. Let v be j(-7). Calculate the greatest common divisor of a and v.
55
Suppose 11730 = 4*u - 5*i - 8834, 5166 = u + 5*i. What is the greatest common divisor of 744 and u?
62
Let n(k) = 9 - 7 - 13 + 23*k. Let t(h) = -2*h + 1. Let r be t(-2). Let q be n(r). Calculate the greatest common factor of 13 and q.
13
Suppose 14*g - 1134 = 4*g - 11*g. What is the greatest common divisor of 621 and g?
27
Let h(w) = 25*w - 20. Let m be h(14). Let d be -4 + 5/(20/76). Let x = 15 + d. What is the greatest common divisor of x and m?
30
Let t be 1 + (-4 - (-3 - 192)). Let f = -176 + t. Suppose 0 = -2*x - 2, 2*x + 2*x + 68 = 4*j. Calculate the greatest common factor of f and j.
16
Suppose 48*c - 42*c - 246 = 0. Let g = c + 135. Suppose -5*l + l = -64. What is the greatest common factor of l and g?
16
Suppose -71*m + 77*m + 12 = 216. Calculate the greatest common divisor of 1173 and m.
17
Let x(b) = b + 24. Let h be x(9). Let l be ((-252)/(-10))/(2 - h/15). Let o be 13/((-65)/l)*(-20)/(-8). Calculate the greatest common divisor of o and 9.
9
Let j = -113 + 118. Suppose j*p + 2 = 52. What is the greatest common divisor of p and 830?
10
Let y = -8540 - -12410. What is the highest common factor of y and 172?
86
Let k = 4134 + -1488. Calculate the greatest common factor of k and 56.
14
Let a be ((-1 - -10) + -3)*24. Calculate the highest common divisor of a and 240.
48
L